0?
4476803
In base 7, what is -151406211 - 2?
-151406213
In base 6, what is -4050 - -4422?
332
In base 8, what is -31 - 1001432?
-1001463
In base 3, what is 1001010122020 + 201020?
1001011100110
In base 4, what is -3330 + 120100021?
120030031
In base 16, what is -aab + d6?
-9d5
In base 5, what is -310 + -32222111?
-32222421
In base 5, what is 32024314 - -14113?
32043432
In base 2, what is -11101011011001100110110010 - -11?
-11101011011001100110101111
In base 12, what is -10a1369 + 1?
-10a1368
In base 12, what is -22a9b43 - -15?
-22a9b2a
In base 6, what is -232 + -551221?
-551453
In base 16, what is -3c5b - ee6?
-4b41
In base 3, what is -10 - 22201012101000120?
-22201012101000200
In base 5, what is -31420044203 - -1?
-31420044202
In base 10, what is 0 + 30342146?
30342146
In base 13, what is -47c2 + -2c5?
-4ab7
In base 15, what is -5 + 18c8c45b?
18c8c456
In base 9, what is -27 - -121642?
121614
In base 9, what is 5 + 155140883?
155140888
In base 16, what is -47b04a - 6?
-47b050
In base 3, what is -2000012011 - -110211?
-1222201100
In base 10, what is -18205494 - 10?
-18205504
In base 13, what is -1171459c - 0?
-1171459c
In base 14, what is 32 - 807808?
-8077b6
In base 5, what is 2 - -33311201433?
33311201440
In base 3, what is 20101020122210 + 10?
20101020122220
In base 16, what is d3ce14 + -2?
d3ce12
In base 5, what is -133 - -3400401?
3400213
In base 3, what is 112202120 - 100011110?
12121010
In base 8, what is 14476153 + -10?
14476143
In base 11, what is 424710 - -357?
424a67
In base 8, what is 136 - 2206603?
-2206445
In base 7, what is -145 - -143102?
142624
In base 2, what is -10001001010001 - 1011011101110101?
-1101100111000110
In base 7, what is 3063424 + -2155?
3061236
In base 15, what is -13d55754 - 1?
-13d55755
In base 2, what is 1110010 - -110001011001010?
110001100111100
In base 12, what is -4 + 8265a9?
8265a5
In base 10, what is 2371157 + 51?
2371208
In base 15, what is -233de29 - -1?
-233de28
In base 9, what is 2368 - -4407?
6776
In base 2, what is 100011100001100001110111110 - -110?
100011100001100001111000100
In base 10, what is -35045822 - -4?
-35045818
In base 16, what is -e687 + 828?
-de5f
In base 15, what is -6e40 + -99d?
-78dd
In base 6, what is -25315523 - 1?
-25315524
In base 14, what is -27 + -dd6933?
-dd695a
In base 2, what is 101011110110011101 - 100101001?
101011110001110100
In base 6, what is -114045331 + -1300?
-114051031
In base 11, what is -255 + -158393?
-158638
In base 16, what is 2f9263 + -2a?
2f9239
In base 16, what is -9a20 - -f3f?
-8ae1
In base 5, what is -241004431 + 314?
-241004112
In base 6, what is -101510 - -2013?
-55453
In base 9, what is 773030 + 4?
773034
In base 6, what is -52033 - 2125122?
-2221155
In base 2, what is 11110011010111010110110101 - 101?
11110011010111010110110000
In base 11, what is 2a7 + -4422?
-4126
In base 14, what is -2 - 10a314?
-10a316
In base 10, what is -15587 - -1104?
-14483
In base 2, what is -100101011101001100101101011 - 10?
-100101011101001100101101101
In base 5, what is -4 - 134014202?
-134014211
In base 13, what is -48 - -280895?
28084a
In base 14, what is a3a34b - -1?
a3a34c
In base 2, what is -10110011100001110111000 + -101110?
-10110011100001111100110
In base 10, what is -134 - -3526372?
3526238
In base 8, what is -114650 + -21723?
-136573
In base 5, what is 13123000 + 13202?
13141202
In base 8, what is -47234 - 6?
-47242
In base 10, what is 171786 + -54?
171732
In base 16, what is -a0de69 + 4?
-a0de65
In base 8, what is 626171 - 16?
626153
In base 9, what is 2784 + 7468?
11363
In base 10, what is 1849 + 4860?
6709
In base 16, what is -21 + a0d2?
a0b1
In base 9, what is 153430473 - -4?
153430477
In base 12, what is -7a2223 + -32?
-7a2255
In base 3, what is 12201112111 - -101011?
12201220122
In base 14, what is 9dc34 - 6?
9dc2c
In base 13, what is 0 - -289318b?
289318b
In base 12, what is -73198 - -36?
-73162
In base 15, what is ed - -113ec?
114ea
In base 11, what is -1 - -39191239?
39191238
In base 3, what is 2100000 - 1100212021?
-1021112021
In base 14, what is 32cc57 - -4?
32cc5b
In base 13, what is 232b597 - -4?
232b59b
In base 5, what is -1 + 2033131304?
2033131303
In base 10, what is 37156 + -11163?
25993
In base 12, what is -22587a - -51?
-225829
In base 7, what is 220 + 2036425?
2036645
In base 4, what is 2031203 + -10123?
2021020
In base 8, what is 2 - 4116401?
-4116377
In base 7, what is -20 + -450656?
-451006
In base 2, what is -100111000110000100001111011 + 101?
-100111000110000100001110110
In base 6, what is -15 + 12513511?
12513452
In base 3, what is 101 + 2021002022100?
2021002022201
In base 7, what is -15605 - -102162?
53254
In base 13, what is 1ac + -5564a?
-5546b
In base 3, what is 22011002000221 + 211?
22011002001202
In base 8, what is 2 - 26530433?
-26530431
In base 3, what is -201000 - -12022121?
11121121
In base 8, what is -6 + 1704753023?
1704753015
In base 8, what is 10036471 + 5?
10036476
In base 8, what is 3 + 63152502?
63152505
In base 11, what is 5585a9 + -423?
558186
In base 14, what is -23a + -1c898?
-1cad4
In base 6, what is -550 - -141401?
140411
In base 9, what is 218 + -1324305?
-1324076
In base 8, what is -1415 + 4200514?
4177077
In base 5, what is -23030420 + 1301?
-23024114
In base 7, what is -52040155 + -534?
-52041022
In base 14, what is 10a199d2 - -3?
10a199d5
In base 10, what is -404 + 168046?
167642
In base 13, what is 2 - -2395ba7?
2395ba9
In base 3, what is 20 + -120000211120120?
-120000211120100
In base 13, what is a2 - -57228?
572ca
In base 11, what is -1155 - -57?
-10a9
In base 16, what is -85 - 4754?
-47d9
In base 10, what is -15961647 + -7?
-15961654
In base 15, what is 8e558e0 + -4?
8e558db
In base 5, what is -3424344103 - 140?
-3424344243
In base 4, what is 1 - 32303301?
-32303300
In base 8, what is 364 + 721742?
722326
In base 15, what is -166 - -2592d1?
25916a
In base 10, what is -371022 + 32?
-370990
In base 12, what is -509456 + -a2?
-509538
In base 4, what is 22230113223 + -113?
22230113110
In base 13, what is 58a2769 + -7?
58a2762
In base 4, what is -1300022330 + 330?
-1300022000
In base 7, what is -46 - -650304?
650225
In base 2, what is -1 - -1001110001100000111111101111?
1001110001100000111111101110
In base 13, what is 6501 - 432?
609c
In base 13, what is 2 - 1a73c58?
-1a73c56
In base 12, what is -2 - -341b7710?
341b770a
In base 4, what is 1121110131 + -103?
1121110022
In base 6, what is -1333 + -321113?
-322450
In base 4, what is 1 - 3012130001000?
-3012130000333
In base 13, what is 4 + 6bc1528?
6bc152c
In base 8, what is -3311 + 1677?
-1412
In base 14, what is -5 + 1868742c?
18687427
In base 13, what is 20a + -14c0?
-12b3
In base 10, what is 70384 + -604?
69780
In base 8, what is 565 + 25652?
26437
In base 9, what is -3 + 1802160?
1802156
In base 15, what is -634 - 39a7?
-40db
In base 5, what is 2340441140 + -10?
2340441130
In base 12, what is -7 + -6a4baa?
-6a4bb5
In base 7, what is 6665064 - 54?
6665010
In base 9, what is -18 - -728774?
728755
In base 6, what is 352044102 - -4?
352044110
In base 8, what is -2 + 11555072?
11555070
In base 8, what is -1763 - 600?
-2563
In base 13, what is 6836 - 9?
682a
In base 14, what is 12b019bd - 6?
12b019b7
In base 3, what is 1210 - 101012212?
-101011002
In base 9, what is -8538 + -15367?
-25016
In base 9, what is -406 - 165471?
-165877
In base 16, what is -3 + 1fafec3?
1fafec0
In base 9, what is -27053045 + -7?
-27053053
In base 4, what is -10 - 11130102211?
-11130102221
In base 10, what is 197 - -149091?
149288
In base 9, what is 34421 - -2126?
36547
In base 9, what is 56 - 481084?
-481027
In base 5, what is -1112140 + -22334?
-1140024
In base 6, what is -5044204513 - 1?
-5044204514
In base 6, what is -3314 + 152411?
145053
In base 10, what is -2032 - -1082?
-950
In base 11, what is -22a191527 + -2?
-22a191529
In base 2, what is -1000001111 - -1010010110010?
1001010100011
In base 15, what is 6 + 2260ad55?
2260ad5b
In base 5, what is 10241 + 323413422?
323424213
In base 4, what is 32 + -110011332?
-110011300
In base 8, what is 1064373 - 13451?
1050722
In base 9, what is 1723 - -168516?
171340
In base 8, what is -724 + -7351716?
-7352642
In base 14, what is 19b31a07 - -2?
19b31a09
In base 3, what is 2012012022 - 20221012?
1221021010
In base 14, what is -3 + 2d2893